ose -5*c + 2893736 = 4*p, 5*p + c = 4045277 - 428128. Is p/168 - (-1)/(-8) composite?
True
Suppose 12*o - 36565 = 310787. Suppose o = 4*m - 5*d, -2*m - 2*m = 5*d - 28926. Is m a composite number?
True
Suppose 26038 = -5*q - 15217. Suppose 0 = 5*b - 3*d + 60484, -5*b - d - 96333 = -35841. Let o = q - b. Is o a composite number?
False
Suppose -4*f + 11619 = -10733. Suppose 116 = -20*v + 276. Suppose v*n = 4*n + f. Is n prime?
False
Let z(g) = g**2 - 18*g - 25. Let s be z(17). Is (-347718)/(-46) + s/483 prime?
True
Suppose -5*m + v = 3*v - 74190, -5*m = -v - 74175. Suppose -9*l + m + 3434 = 0. Suppose -3*x = -0*x - 2*o - 1221, 0 = -5*x + 5*o + l. Is x composite?
False
Suppose 3*m - 9942 = 1410. Suppose 0 = -2*n + 8198 + m. Is n prime?
False
Suppose 4*c + 15846 + 717 = -5*z, -3*c - 3306 = z. Let a be ((-2824)/(-6))/(2/24). Let s = z + a. Is s composite?
False
Suppose -246 = 5*t + d + 271, 5*t - d + 523 = 0. Let u be t/39*(-9)/4 - 1. Suppose -5*k = -u*q + 1010, k = 4*q - 1129 + 312. Is q a prime number?
False
Suppose -5*n + 7 + 3 = 0, 5*x - 424860 = 5*n. Is x a composite number?
True
Suppose -5*h = 20, -2*m - 2*h + 8446 = -6*h. Let o = 2848 + m. Is o prime?
False
Let g(l) = 3*l + 14. Let p be 4*(-1 + 0/2). Let o be g(p). Suppose 2*j - 1466 = -3*j - v, -2*v = o*j - 588. Is j a prime number?
True
Let f = 93138 + -64987. Is f composite?
False
Suppose 0 = -7*c - 27*c - 721344. Let a = 9173 - c. Is a prime?
True
Suppose 14 = 3*o - m, 10*m - 14*m - 20 = 0. Is -1 + (-16)/(-12) + 13466/o composite?
True
Let c(x) = x**3 - 69*x**2 + 142*x - 541. Let p be c(67). Let b(f) be the first derivative of -16*f**2 - 15*f - 1. Is b(p) composite?
True
Let c be (7 - (5 + 4))*3/2. Is c/(-30)*5*10454 prime?
True
Let f = -294 - -294. Is ((-84735)/(-12) - f) + (-13)/52 a composite number?
True
Suppose -5*g = 2*q - 990, -5*q + 594 = 15*g - 12*g. Is 1442199/g - (-10)/(-12) prime?
True
Let c(t) = 2*t**3 - t**2 - 2*t + 20. Let a be c(0). Is -1*(-2)/(-8) - (-23985)/a composite?
True
Let i(k) = 311*k + 62. Let b be i(-9). Let m = -618 - b. Is m a composite number?
True
Suppose 0 = -10*z + 13 + 17. Let u(y) = -6 - 6*y**2 - 9*y**3 + 7*y**z + 0 + 3*y + 0*y**2. Is u(-5) a prime number?
True
Suppose -26*f + 67 = -297. Suppose f*g - 31395 = 24451. Is g a prime number?
True
Suppose 19*d + 987193 = 5*i + 15*d, 6 = 2*d. Is i prime?
True
Suppose 6*k - 201642 = 20*k. Let l = 23924 + k. Is l a composite number?
False
Let d = 2188 - 1397. Let r = -1157 + d. Is ((-9)/(-27))/((-1)/r) a composite number?
True
Let n = -14 - -18. Let v be 48/200*-5*(-10)/n. Suppose i + v*u - 2965 = 5*u, 3*u + 5927 = 2*i. Is i a prime number?
False
Let u(b) = 12*b**2 - b + 12. Let z be -2 - (-14 + (2 - 0)). Suppose -2*h - z = -4*l, 0 = 4*l - 0*h - 5*h + 5. Is u(l) composite?
False
Let n(z) = -227*z + 74 - 85 + 116. Is n(-26) prime?
True
Let w = -15 - -20. Suppose x - 7 = w*i, 2*x + 8 = -2*i + 5*x. Let u = 212 + i. Is u prime?
True
Let q(r) = r**3 + 2*r + 4. Let h be q(0). Suppose 0 = h*y + 9*y - 3016. Suppose 4*g - 132 - y = 0. Is g a prime number?
False
Let f be 374/170 - 8/(-10). Suppose -2*g = 4*w - 22165 + 3973, -f*w + 13635 = -3*g. Is w prime?
True
Let u(h) = -93*h**2 + 3*h + 5*h + 183*h**2 - 4 + 123*h**3 - 96*h**2. Is u(3) a prime number?
False
Let s be 3936/10*2200/165. Let c = 31479 - s. Is c a composite number?
True
Let n = 17183 + -8170. Let j = 22862 - n. Is j prime?
False
Let s = 229 + -217. Is ((-276512)/s*9/(-12))/2 a composite number?
False
Suppose -m = -g + 195840 + 95719, -1166236 = -4*g + 5*m. Is g composite?
False
Let b = -156 + 156. Let x(t) = -t**2 + 3*t + 307. Is x(b) a composite number?
False
Let n = -15 - -12. Let u be n/(-6) + 2/(-4) + -10929. Is u/(-33) - (-4)/(-44)*2 a prime number?
True
Let n(c) = -c**3 - 7*c**2 - 3*c - 8. Let i be n(-7). Suppose -5*a = -25, y = -i*a + 11*a + 7503. Is y prime?
False
Let q(o) = 2*o + 1. Let f be q(2). Let l(r) = 428*r - 29. Is l(f) composite?
False
Let p be (-2)/13 - -2*(-30)/(-52). Let m be (-10 - (4 - 9))*p*-1. Suppose -5*g + m*f + 11091 = -10964, -17630 = -4*g - 3*f. Is g a prime number?
True
Suppose 18*g - 155801 - 220507 = 0. Is g a composite number?
True
Let i(m) = 212*m**2 + 4*m - 119 + 106 + 186*m**2. Is i(3) a prime number?
True
Let w = -23 + 27. Suppose s - d = -39, -d + w*d = 12. Is (-55765)/s + -4 + (-4)/14 a composite number?
True
Is 368580/360*(4 + -1 + 3) a prime number?
True
Suppose 0 = -4*o + 2*s - 4440, -6*o - 5552 = -o - 2*s. Let t = o + 584. Let k = 515 - t. Is k a prime number?
False
Suppose -25*m + 13278883 = 11*m - 6190889. Is m composite?
True
Is (-184)/14 + 80/560 + 311964 a prime number?
True
Suppose -21*o = 6*q - 16*o - 125243, 4*q - 2*o - 83490 = 0. Is q a prime number?
True
Let a(m) = -23*m - 29. Let u = -90 - -81. Let y be a(u). Suppose 0 = -4*d - 2*i + 550, -4*i = 2*d - y - 88. Is d prime?
True
Let w(v) = 78*v**3 + 15*v**2 - 3*v - 55. Is w(7) prime?
False
Let j = 217677 - 152246. Is j a composite number?
True
Let j(c) = -2*c**2 - 13*c - 10. Let x be j(-6). Let g be -144 - (15/x + 1/(-4)). Let s = g - -457. Is s prime?
True
Let n = 1 + -6. Let x be (-2)/(-32) - 9359280/(-1280). Is (-4)/(-6) + (n - x/(-3)) a prime number?
False
Let n(w) = -10615*w + 81. Is n(-52) a composite number?
True
Let w = -245 - -390. Suppose -w*o + 149*o = 4268. Is o composite?
True
Let i = 20227 - -124716. Is i composite?
True
Let j(f) = -2929*f - 243. Let b(o) = 8787*o + 729. Let l(h) = 4*b(h) + 11*j(h). Is l(4) a composite number?
False
Let c be 82892/16 + (-9)/(-36). Suppose 0 = 6*n - 9*n + c. Is n a composite number?
True
Let p = 13995 - 11141. Is p prime?
False
Is ((-4)/8)/((-18)/(-253667052)*-9) a composite number?
True
Let m = -19 + 24. Suppose 9212 + 3733 = m*x. Is x a composite number?
True
Let d(q) = -q + 19. Let z(v) = 4*v - 37. Let n(b) = -7*d(b) - 4*z(b). Is n(-16) prime?
False
Let o be 5 - (-2 + (28 + -2)/(-1)). Is ((0 - -4) + o)/(3/1437) composite?
True
Let s(v) = -v**2 + 8*v - 38. Let o(m) = -2*m**2 + 8*m - 38. Let w(z) = -2*o(z) + 3*s(z). Let l be w(-10). Is (1459/(-3))/(6/l) prime?
True
Let f(q) = q + 1. Let z(k) = 224*k + 51. Let r(d) = f(d) - z(d). Is r(-19) a composite number?
True
Suppose -14*g = -4364169 - 2377237. Is g prime?
False
Suppose 3*d - 10 = d, -14514 = -4*b + 2*d. Suppose -11*g - 18203 = -5*a - 12*g, 5*g - b = -a. Is a a prime number?
False
Let z = -232 + 230. Is 1 - z - -20309 - 25/(-5) composite?
True
Is (47086/(-4))/((-44)/88) a composite number?
True
Suppose 50174 = 32*n - 133378. Let l = n - 3134. Is l a composite number?
True
Let m = -49 + 147. Let x(k) = -37*k - 29. Let g be x(-2). Let p = g + m. Is p prime?
False
Suppose 4*u = 22*y - 21*y - 43633, 5*u - 43642 = -y. Suppose y = 38*a - 27*a. Is a a composite number?
False
Let m = -6 - 42. Suppose -5*z + 2*z + b = -10, 0 = -5*z - 2*b + 2. Is (-6 - (z - 4))*300/m a composite number?
True
Is -1*30/50 + 244104/15 composite?
False
Suppose -3*d + 2*d - 7168 = -3*p, 5*p - 4*d = 11956. Suppose 4*c - p = c - 3*n, -2*c + 4*n + 1562 = 0. Is c a prime number?
False
Suppose -k = 4*o + 3 - 111, -3*o + 472 = 5*k. Let z = k - 65. Is (18/z)/(8/9582)*2 prime?
True
Suppose 3*j = p + 8, -p - 3*j + 10 = -0*p. Let k be ((-279)/(-18))/(p/46). Let i = -266 + k. Is i a composite number?
True
Let v(u) be the third derivative of -51*u**4/8 + 8*u**3/3 + 80*u**2. Is v(-21) a composite number?
False
Let t(n) = 35*n**3 - 2075*n**2 + 49*n - 116. Is t(63) a composite number?
True
Let a be (-19480)/(1/3 - 1). Let i be (-385)/(-30) + (-3 - 95/(-30)). Suppose -b + i*b = a. Is b composite?
True
Let s(h) = -8*h - 39. Let m be s(-4). Is (20/m)/5 + 40541/7 prime?
True
Suppose -3882 = -2*q + 2*i, 3*i - 2066 + 5950 = 2*q. Suppose w - q + 161 = 0. Suppose 0 = -c - c + w. Is c a prime number?
False
Let o be -9*(1 - (-55)/(-45)). Let u be 2/6 - (-22)/6. Suppose -116 = u*q - 5*q - 5*r, 5*q + o*r = 603. Is q a prime number?
False
Is (10101330/300*2/(-1))/(5/(-25)) a prime number?
False
Suppose -3 + 7 = -i. Let v = -367 - -720. Is v/4 - 3/i prime?
True
Let o(m) = -3*m**3 - 60*m**2 + 102*m - 13. Is o(-36) a composite number?
True
Let p(h) = -2*h - 28. Let i be p(-14). Let l be 0 + i/(3 - 2). Suppose -3*r - 7*g + 2*g = -1646, 2*g + 10 = l. Is r a prime number?
True
Let a = 66661 + -41921. Suppose -7*x = -1